tor of 1386 and o.
154
Let h(a) = 105*a**3 + a**2 + 3*a - 5. Let q be h(1). Calculate the highest common divisor of 13 and q.
13
Let v = 698 + -650. Let z be (-6)/8*(-16)/2. What is the highest common factor of v and z?
6
Let q(t) = t**2 - 14*t - 72. Let y be q(24). What is the highest common divisor of 24 and y?
24
Let x(y) be the third derivative of y**5/60 + y**4/24 - 11*y**3/3 - 11*y**2. Let s be x(-9). Calculate the highest common factor of s and 350.
50
Suppose -19 = -2*p - 9. Let c = p + 11. What is the greatest common divisor of 16 and c?
16
Let u(j) be the second derivative of -j**4/12 + 4*j**3/3 - 5*j**2 - 19*j. Let b be u(6). Calculate the greatest common factor of b and 18.
2
Let c be 3/3 - -1*(4 - 0). Let h be 24*((-3)/c - 194/(-15)). What is the greatest common divisor of h and 37?
37
Suppose -l - 4 + 14 = -5*d, -15 = -3*l. Let k = 20 + d. What is the highest common divisor of 19 and k?
19
Suppose 8*z - 30*z + 1122 = 0. Calculate the highest common factor of z and 204.
51
Let s(w) = w**3 - 8*w**2 + w + 1. Let z be s(8). Let r = 257 + -256. Calculate the greatest common factor of z and r.
1
Let x = -57 + 93. Let v = -155 + 159. Calculate the highest common divisor of x and v.
4
Suppose -21 = 4*z - 97. Suppose 30 = -25*g + 31*g. Suppose 0 = -c + 1, -2*c - c = g*l - 668. Calculate the highest common factor of z and l.
19
Let i be 23424/432 + 2/27*-3. What is the greatest common factor of 81 and i?
27
Let b be 179 - 163 - (-1 - -4). Calculate the greatest common factor of 442 and b.
13
Let g(j) = -j**3 - 34*j**2 - 3*j - 76. Let x be g(-34). Calculate the greatest common factor of x and 117.
13
Let v be (1 - 2/(-10))*5. Let g(z) = -10 + 9*z**2 - z**3 - 2*z**2 + 14. Let x be g(v). What is the greatest common factor of 8 and x?
8
Let v = -424 + 438. What is the greatest common factor of 8 and v?
2
Suppose -5*q - 898 - 882 = -4*i, -2*i + 3*q = -892. Calculate the highest common divisor of 88 and i.
88
Let b be (-13)/(-1 + 2)*-2. Let x = 21 - b. Let l = x - -35. What is the greatest common factor of 30 and l?
30
Let k(d) = 5*d - 54. Let u be k(26). Calculate the highest common factor of 19 and u.
19
Let c = 89 - 85. Calculate the highest common factor of 64 and c.
4
Suppose 4*b + 138 = 10*b. What is the highest common factor of 276 and b?
23
Let g(w) = -w**2 + 9*w + 6. Let y = 24 - 15. Let i be g(y). Suppose 67 = i*t - 11. Calculate the highest common factor of 143 and t.
13
Let x be 10/20 + (-17)/2. Let r = 125 + x. Calculate the greatest common factor of r and 13.
13
Let r be 90/6*2*30/25. Calculate the greatest common factor of 36 and r.
36
Suppose 3*m - 4*m - 14 = 4*i, 0 = 3*i - 6. Let n be m/(-8) + 2/8. Suppose n*j = 20 - 2. Calculate the highest common factor of 24 and j.
6
Suppose 264 = r + 2*n, -3*r + 110 + 690 = -2*n. Calculate the greatest common divisor of r and 38.
38
Suppose -2*v - 5*w + 1215 = 0, -4*v = -7*w + 3*w - 2444. Calculate the highest common divisor of 183 and v.
61
Let l(m) = 27*m + 492. Let u be l(-18). Calculate the highest common factor of u and 51.
3
Suppose -3*w = -0 + 6. Let c = 13 + w. Suppose -485 = -5*b + 2*m, 0 = 2*m - 6 - 4. Calculate the greatest common divisor of b and c.
11
Let l = -352 + 478. What is the highest common divisor of l and 70?
14
Let o be 26/10 + 10/25. Suppose -4*x + 23 = -0*l + o*l, 0 = 3*l + 9. Calculate the highest common factor of 64 and x.
8
Let r = -286 + 316. Calculate the highest common divisor of 20 and r.
10
Let y(b) = 4*b**2 - 1. Let m be y(-1). Suppose n - m = -1. Suppose 4*t + 2 = -n*i - 0*i, 0 = 5*i - 4*t - 65. What is the greatest common factor of i and 3?
3
Suppose -12 + 52 = 2*v - 5*o, o = -2*v + 16. Let w = -23 + 27. Suppose -4*m = 5*h - 6, -m - w*h - 2 = 2. Calculate the highest common factor of m and v.
2
Suppose 4*o = -o - 115. Let s = -20 - o. What is the greatest common divisor of 12 and s?
3
Let l = -1085 - -1136. What is the highest common factor of l and 2856?
51
Suppose 57*v + 224 - 3359 = 0. Let d = 7 + -2. What is the highest common divisor of d and v?
5
Let y be (-650)/(-3) - (-10 - (-192)/18). Calculate the highest common divisor of 162 and y.
54
Let y be ((-22)/8)/(6/(-72)*3). Let a = y + 11. What is the highest common divisor of 154 and a?
22
Let c(d) = 36*d**2 - 1. Let u be (-2)/3 + (-170)/15. Let w = -13 - u. Let v be c(w). What is the greatest common factor of 7 and v?
7
Let b be (2/3)/(2/39). Suppose g - 66 = 4*g + 4*x, 0 = -3*g + 4*x - 42. Let n be (-699)/g + (-1)/(-6). Calculate the highest common divisor of n and b.
13
Suppose a - 6 + 0 = 0. Suppose -5*q - 23*j + 20 = -28*j, 0 = q + 4*j + 1. What is the highest common divisor of q and a?
3
Suppose 2*p - 5*p + 2*x = -3, -3*x = 5*p + 14. Let o be 3 + 2 + 0/p. Calculate the greatest common factor of o and 20.
5
Let q(a) = -11*a**3 - 2*a**2 - 2*a. Suppose -2*w - 5 = -3. Let j be q(w). What is the greatest common factor of 44 and j?
11
Let u(q) = -q**2 - 5*q + 56. Let t be u(6). Let p(s) = 1 - s**2 - 16*s - 7 - 4. Let h be p(t). Calculate the highest common factor of 20 and h.
10
Suppose n + 42 = 65. What is the highest common factor of 437 and n?
23
Let b = -1 - -6. Suppose -b*a = -7*a + 44. Let i = 265 + -155. What is the highest common factor of i and a?
22
Let y be ((-4)/(-10))/(1/5). Suppose -103 = -c + y*c. Let k = 73 - c. What is the greatest common factor of 16 and k?
16
Suppose 0 = 114*l - 115*l + 32. What is the highest common factor of 16 and l?
16
Let d be (-9129)/(-187) + (-2)/33*-3. Suppose -o + 0*o = -7. Calculate the greatest common factor of d and o.
7
Let j = -577 + 620. What is the highest common factor of j and 946?
43
Let c = -5 + 16. Suppose 3*d - 135 = -2*d. Let m = -16 + d. What is the greatest common factor of c and m?
11
Let i be (-6)/4*32*-1. Suppose 2*n - 2*b - i = 0, 2*n + 2*b = n + 36. Suppose -188 + 2218 = 29*l. What is the greatest common divisor of l and n?
14
Let c be (-3)/((2/(-6))/1). Let m be (-1)/((c/21)/3). Let u be (m/14)/(2/(-16)). What is the highest common divisor of u and 4?
4
Let i(x) = -11*x - 25. Let w be i(-9). Suppose 2*z - 10 = w. What is the greatest common divisor of 28 and z?
14
Suppose -10*y = -189 + 39. What is the highest common divisor of 10 and y?
5
Suppose -3*t + 0*t - 5*h - 5 = 0, 3*t - 4*h = 31. Suppose -2*y + t*y = 18. What is the highest common factor of 24 and y?
6
Let f(z) = -z**2 + 4*z + 50. Let b = 171 - 171. Let g be f(b). Calculate the greatest common divisor of 20 and g.
10
Let d be 141/((-3)/(-63)*9). Calculate the greatest common divisor of d and 94.
47
Suppose -5*y + 12 = -y. Let w(t) = 2*t + 28. Let q be w(0). Let v = q + -7. What is the greatest common factor of y and v?
3
Let r(z) be the third derivative of z**5/20 - z**4/12 - z**3 - z**2. Let p be r(-4). Calculate the highest common divisor of 5 and p.
5
Let v(g) = 217*g**2. Let t be v(-1). Let b be 7250/232 - 1/4. Calculate the highest common divisor of t and b.
31
Suppose -j + c - 151 = 0, 2*j + j - 2*c = -458. Let r = j - -174. What is the greatest common factor of r and 90?
18
Suppose m - 7*m - 102 = 0. Let y = m - -31. What is the greatest common factor of y and 56?
14
Let c be ((-3)/(45/(-24)))/((-4)/(-2340)). Calculate the greatest common factor of 72 and c.
72
Let w = 148 - 64. Let b = -50 + w. Calculate the highest common divisor of 238 and b.
34
Suppose -w - 2 = -z, 0*w - 4*z = -w - 2. Let m be ((-13)/w)/(2/20). Calculate the greatest common divisor of 26 and m.
13
Let d = 574 - 562. Calculate the highest common factor of 12 and d.
12
Let w = -822 + 963. Calculate the greatest common divisor of 2679 and w.
141
Let f(p) = -39*p + 95. Let o be f(-7). Calculate the greatest common factor of 23 and o.
23
Let c = 406 - 210. What is the greatest common divisor of 56 and c?
28
Let t be (3 + -2)/(6/66). Suppose x - 5*x + 358 = -3*c, 5*c + 10 = 0. What is the greatest common factor of x and t?
11
Let m(k) = -28*k + 484. Let h be m(-29). What is the highest common factor of h and 48?
48
Suppose -111 = 5*k - 4*y, 4*k + 19 = -2*y - 75. Let x be (k + 9)*30/(-4). What is the greatest common divisor of x and 15?
15
Let y be 1/4*2*48. Let w be -1 + 1 - (-334 - (-3 - -5)). Suppose -2*z = -4*z + w. Calculate the highest common divisor of z and y.
24
Suppose -2*q = -n + 31, -25*n 